2*q**3 + 0 + 0*q + 37*q**2. Let m be v(-5). What is the highest common factor of 18 and m?
18
Suppose -42*x - 99 = -267. What is the greatest common factor of x and 470?
2
Let g(d) = 9*d + 77. Let y be g(-7). Suppose -f + 3*c = -19, -2*f - 3*c + 34 = -8*c. What is the greatest common divisor of f and y?
7
Let x be ((-6)/(-10))/((-20511)/20640 - 1*-1). What is the greatest common factor of 2032 and x?
16
Let x be 3 + (554/8 - 1/4). Suppose -71*q - 38 = -x*q. Calculate the highest common divisor of q and 171.
19
Suppose m + 26 = 4*m + 5*k, -4*m + 4*k - 8 = 0. Suppose 34 = 3*s - 5*d, m*s = 3*d + 2*d + 26. What is the highest common factor of s and 72?
8
Let z be 0 + 3/(-7) - (-30)/70. Suppose -4*k + 1075 = k. Suppose z = -26*m + 31*m - k. Calculate the highest common divisor of m and 172.
43
Let s = 39 + -38. Let x be 93 + -19 - (s - (1 + 0)). Let o = -30 + x. What is the highest common divisor of o and 11?
11
Suppose 0 = 2*z + 2*z - 2*p - 32, z = -4*p - 10. Suppose 1829 = z*s + 29. Let i = -135 + s. Calculate the highest common factor of 15 and i.
15
Let f(d) = -2*d - 4*d**2 - 5*d**2 - d**3 - 19*d - d**2 - 16. Let h be f(-8). What is the greatest common factor of 6 and h?
6
Suppose -o + 3*o - 5*d + 64 = 0, 4*d - 68 = 2*o. Let h be (-63)/o*(-56)/(-6). Calculate the highest common factor of 224 and h.
14
Suppose -o = 2*s - 310, -o + 90 + 220 = 4*s. Let x(p) = -p**3 - 2*p**2 - 4*p - 3. Let v be x(-2). Calculate the greatest common factor of o and v.
5
Let d(f) be the first derivative of -f**4/4 + f**3/3 + 3*f**2/2 + 21*f - 6. Let t be d(-5). Calculate the greatest common divisor of 26 and t.
26
Suppose -3*q = -2*t - 15, -11*t - q = -9*t - 5. Suppose t = 20*o - 16*o - 40. Calculate the greatest common factor of 35 and o.
5
Let n = -3555 + 4725. What is the greatest common divisor of n and 2652?
78
Suppose -649 = -34*y - 87 + 560. Calculate the highest common factor of 4422 and y.
33
Suppose -3 = 3*o, -7*v + 12*v = 3*o + 123. What is the highest common factor of 2388 and v?
12
Let t be (-48)/(-15)*5/2. Let q = 44 + -37. Let m be ((-12)/q)/(27/(-504)). What is the greatest common divisor of t and m?
8
Suppose 0 = 6*l + 188 - 176. Let a(j) = -143*j + 22. Let t be a(l). Calculate the greatest common divisor of 28 and t.
28
Let c be (-276 - -58)*(-1035)/10. What is the highest common factor of 207 and c?
207
Let o = -439 + 655. Let w = -108 + o. Calculate the greatest common divisor of 36 and w.
36
Suppose 0*w - 3*w + 12 = 0, 2 = 2*n - w. Let o be ((-1)/n)/((-4)/48). Let d be 174/o + 72/16 + -6. Calculate the greatest common divisor of 28 and d.
14
Suppose 2*i + 739*m - 13394 = 735*m, 4*i = -2*m + 26752. What is the highest common factor of i and 70?
35
Let f(p) = p**2 + 17*p - 168. Let z be f(-24). Let g = 95 - 65. Suppose 5*t - 3*t - g = z. Calculate the greatest common factor of 165 and t.
15
Suppose 0 = -5*r + 2*s + 19, -4*s + 8*s = 4*r - 8. Suppose -i - 3*k = -126 + 54, -r*k + 410 = 5*i. Calculate the greatest common factor of 58 and i.
29
Let h be 5*(9/3 - (-36)/(-15)). Let b be ((-8)/(-10) + 0)*(h - -2). Suppose 0 = -b*p + 28 - 8. Calculate the highest common divisor of 20 and p.
5
Suppose -9*n + 14 + 76 = 0. Suppose -5*s - 3*v = -1033, -7*s = -n*s - 3*v + 621. Calculate the highest common factor of s and 721.
103
Suppose 6924 = 40*c - 26*c - 2106. What is the highest common factor of c and 195?
15
Suppose v - 409 = 2*w, w = 6*w + 4*v + 1029. Let k = -172 - w. What is the highest common factor of k and 88?
11
Let s = -9858 - -9931. What is the greatest common divisor of 7 and s?
1
Let z = 50 - 43. Let h(b) = b**3 - 5*b**2 + 7*b + 5. Let s be h(z). Let d = -16 - -35. What is the highest common factor of d and s?
19
Let v = 6322 - 5886. Calculate the highest common divisor of 545 and v.
109
Suppose 2868 = 4*j + 5*f + 656, -5*j = 4*f - 2756. Calculate the highest common factor of j and 26.
2
Let x be 3 + (5 + -1)*(15730/40 + -4). What is the highest common divisor of 70 and x?
10
Let i be ((-44)/5)/((36/(-630))/1). Suppose 3*j - 58 = 8. Calculate the highest common factor of j and i.
22
Let k be (-5 - -4)*(-8 - 2). Let d be 0*(4 - (-189)/(-49)). Suppose d = 15*u - k*u - 560. Calculate the greatest common factor of 16 and u.
16
Let r = -14 - -50. Let f(c) = 2*c**2 + 4*c + 5. Let i be f(-2). Suppose d = i*h + 283, d + 3*h - 289 = 2*h. Calculate the highest common factor of r and d.
36
Let q(z) = 3*z**2 + 145*z + 428. Let n be q(-3). What is the highest common factor of n and 10180?
20
Let y be -1 + (305 - 1) + (-187)/(-187). Calculate the greatest common factor of y and 836.
76
Suppose -18 - 36 = -3*a. Suppose -2*m = -4*j - 5*m + 37, 5*j + m = 49. Suppose -j*l = -9*l - a. Calculate the highest common factor of l and 18.
18
Let w = 132 - 77. Let d be 22/4 - 3 - 2050/(-164). What is the greatest common factor of d and w?
5
Suppose -5*o - 2584 = -5*d + 91, 4*d - 2130 = 2*o. Let v = d + -470. What is the highest common divisor of v and 120?
60
Let z = 29784 - 13935. What is the highest common factor of 27 and z?
27
Let o(m) be the first derivative of 21*m**2 - 46*m - 18. Let d be o(7). What is the greatest common factor of 8 and d?
8
Let v(p) = -p**3 - 11*p**2 - 12*p - 2. Let i be v(-12). Suppose 5*c = -3*m + 82 + 37, 5*c - 101 = 3*m. What is the greatest common factor of c and i?
22
Suppose -61*r - 84*r = -112*r - 1980. Calculate the highest common divisor of 39030 and r.
30
Suppose 5776 = -11*q + 24641. Suppose -8*r + 397 + q = 0. Calculate the highest common factor of r and 24.
24
Let m = -22602 + 23258. Calculate the highest common divisor of m and 205.
41
Let k be 92631/28 - (20 - 12) - (-3)/(-12). What is the greatest common factor of 15 and k?
15
Let y be ((-16)/6)/((-4)/54). Suppose 997*n + 14364 = 1111*n. What is the highest common divisor of n and y?
18
Let s(f) = 3*f**3 + f**2 - 6*f + 3. Let c be s(3). Let n be c/(-9)*-3 - 7. Calculate the highest common factor of n and 30.
6
Let v(r) = -2*r + 40. Suppose 26*u + 210 = 19*u. Let k be v(u). What is the greatest common divisor of k and 30?
10
Suppose 3*q - 34 + 478 = 4*r, -2*q = -5*r + 548. Let n = r - 72. Let l = 4 + n. What is the highest common factor of l and 10?
10
Let u = 451 - 400. Calculate the highest common divisor of 84 and u.
3
Suppose -127*u - 372186 + 1067511 = 0. What is the greatest common factor of u and 219?
219
Suppose 197*t = -1060 + 2864 + 954. What is the highest common divisor of 2821 and t?
7
Let t(y) = 20*y**2 + 1. Let g be t(1). Suppose 0 = -13*p + 10*p + 60. Suppose 70 = -15*u + p*u. What is the highest common factor of g and u?
7
Let p(s) = 4*s**2 - 2*s + 4. Let w be p(4). Let t be 14/(-49) + (-30)/(-7). Let u = t - -11. What is the highest common divisor of w and u?
15
Suppose -5*o + 11 = -94. Let m be 1/((o/27)/7). Let l be 2/11 - (-3758)/22. Calculate the highest common divisor of l and m.
9
Suppose 0 = -5*d - 7*d + 120. Suppose 5*y = x + 140, -9*x + 5 = -d*x. What is the greatest common divisor of 351 and y?
27
Let f = 4542 + -3142. Suppose 5*h = 19*h - f. Let u(x) = 2*x + 4. Let j be u(3). Calculate the highest common factor of j and h.
10
Suppose 21*d = 31*d + 254 - 4334. Calculate the greatest common factor of 1088 and d.
136
Let y = -2442 + 2946. What is the greatest common factor of 112 and y?
56
Let i be 688/2*((-166)/(-20) - 34/(-170)). What is the highest common divisor of 204 and i?
68
Let g(h) = h**3 + 22*h**2 - h - 42. Let l be g(-22). Let r be 315/28 - 15/l. Calculate the greatest common factor of r and 3.
3
Let h be (-7 + (21640/(-30))/(-4))/((-1)/(-168)). What is the highest common divisor of 13 and h?
13
Let w be (-30 + 20)/((-5)/2). Suppose -9*f + w*f + 85 = 0. What is the highest common divisor of 34 and f?
17
Suppose 3*q = 4*c - 1932, 4*c = c + 4*q + 1449. Let b be 2*-42*(-1)/4. What is the highest common factor of c and b?
21
Let f be 3/(-1)*(-237)/(-3). Let i = f - -382. Let v = -8469 + 8498. Calculate the highest common factor of v and i.
29
Let l(i) = -i**3 + 10*i**2 - 6*i - 9. Let q be 2/9 + 14/18. Let k be (8 + -6 + 1)*3/q. Let x be l(k). Calculate the greatest common divisor of 90 and x.
18
Let q = -24 - -40. Suppose -5*l + l = -q. Suppose -3*r + 80 = r + 5*t, 0 = -4*r - l*t + 84. Calculate the highest common factor of r and 25.
25
Let k